05755 a multiple of 5?
True
Is 15923334 a multiple of 574?
True
Is 453179430 a multiple of 110?
True
Is 65 a factor of 1160032240?
False
Does 115 divide 272425623?
False
Does 7 divide 197378996?
False
Is 1633940172 a multiple of 9?
True
Does 16 divide 251254592?
True
Does 40 divide 1046293560?
True
Is 12436650 a multiple of 435?
True
Is 14 a factor of 48434176?
True
Does 17 divide 23032569?
True
Is 34 a factor of 15930700?
True
Is 1518899912 a multiple of 1745?
False
Is 77455494 a multiple of 27?
True
Is 57 a factor of 4715724?
True
Is 2682284880 a multiple of 16?
True
Is 3485 a factor of 21945556?
False
Does 1677 divide 670942545?
True
Is 83394241 a multiple of 58?
False
Is 61 a factor of 689475?
False
Is 648433642 a multiple of 218?
False
Is 117 a factor of 19922526?
True
Does 942 divide 201887556?
True
Does 6 divide 250820475?
False
Is 350 a factor of 10494400?
True
Is 182466424 a multiple of 38?
True
Is 5570429296 a multiple of 13?
False
Does 1636 divide 79053156?
True
Is 3249 a factor of 53621496?
True
Is 3852500 a multiple of 115?
True
Is 52151235 a multiple of 4?
False
Is 1051851294 a multiple of 8726?
False
Is 277302481 a multiple of 67?
True
Is 329801841 a multiple of 9?
True
Is 2276 a factor of 496461604?
True
Is 211746384 a multiple of 24?
True
Is 1670 a factor of 78983531?
False
Is 11116 a factor of 1151017336?
True
Does 337 divide 2686096530?
False
Does 12 divide 3585807312?
True
Is 75 a factor of 35078667?
False
Does 51 divide 1468654393?
False
Does 97 divide 22103080?
False
Does 719 divide 64036660?
False
Is 9 a factor of 4153378?
False
Is 6564 a factor of 1368055752?
True
Is 54 a factor of 132606960?
False
Is 15670780 a multiple of 302?
True
Does 2 divide 85328043?
False
Is 149 a factor of 25829895?
True
Is 151 a factor of 29677840?
False
Does 1363 divide 69480054?
False
Is 15 a factor of 30670527?
False
Is 334256478 a multiple of 1126?
True
Is 29 a factor of 45617803?
False
Is 2169 a factor of 64939227?
False
Does 9 divide 108665047?
False
Is 9 a factor of 36541498?
False
Is 2584238619 a multiple of 12?
False
Is 558125100 a multiple of 78?
True
Is 253633363 a multiple of 5030?
False
Is 559 a factor of 41649900?
False
Is 340636329 a multiple of 1396?
False
Is 50 a factor of 66106697?
False
Does 5351 divide 1132594567?
False
Is 10 a factor of 52157480?
True
Is 50731416 a multiple of 9?
True
Does 922 divide 413537284?
True
Does 1992 divide 418454147?
False
Does 206 divide 1369172?
False
Is 198 a factor of 215092499?
False
Does 1610 divide 248555894?
False
Does 1098 divide 128615328?
True
Is 1297 a factor of 55652705?
False
Is 14 a factor of 298375280?
True
Is 99 a factor of 177948869?
False
Is 3 a factor of 11674325?
False
Is 1038 a factor of 8209209?
False
Is 15 a factor of 547017345?
True
Is 26 a factor of 540543848?
True
Does 14 divide 6184654?
True
Is 3 a factor of 62295408?
True
Is 2024943494 a multiple of 10817?
False
Does 917 divide 20251028?
True
Is 57 a factor of 135447034?
False
Is 29 a factor of 7300131672?
False
Is 322 a factor of 5780222?
True
Does 10 divide 3668616?
False
Is 528 a factor of 34808928?
True
Does 4528 divide 129509518?
False
Does 25 divide 1620735919?
False
Is 49309373 a multiple of 1779?
False
Is 295765868 a multiple of 278?
True
Is 96 a factor of 44135277?
False
Is 2694 a factor of 41083500?
True
Is 36 a factor of 3086791?
False
Is 136568838 a multiple of 14?
True
Is 769400829 a multiple of 111?
True
Does 776 divide 305580174?
False
Is 272 a factor of 14390109?
False
Does 48 divide 537461664?
True
Is 17 a factor of 504254493?
True
Is 375 a factor of 110768387?
False
Does 8 divide 413227424?
True
Is 32 a factor of 4156384?
True
Is 44532808 a multiple of 6?
False
Does 10 divide 107870857?
False
Does 7 divide 37701278?
False
Is 74812989 a multiple of 360?
False
Is 12 a factor of 563557320?
True
Does 10 divide 26979803?
False
Does 4980 divide 1373200140?
True
Is 88534389 a multiple of 10?
False
Is 74 a factor of 38076711?
False
Does 3 divide 244024697?
False
Does 371 divide 4008279548?
True
Is 44 a factor of 4191669472?
False
Is 1448853846 a multiple of 272?
False
Is 1247564 a multiple of 127?
False
Is 11 a factor of 24189978?
False
Does 1626 divide 229786887?
False
Is 3352130 a multiple of 14?
False
Is 219823038 a multiple of 39?
False
Does 9 divide 1113946?
False
Does 151 divide 7026215?
False
Does 84 divide 41882019?
False
Is 2425065312 a multiple of 13?
False
Is 69388079 a multiple of 158?
False
Does 29 divide 494609413?
True
Is 48089872 a multiple of 8?
True
Does 970 divide 177496640?
False
Is 688 a factor of 1347999213?
False
Does 133 divide 195868435?
True
Is 3566499798 a multiple of 2376?
False
Is 16015438 a multiple of 204?
False
Is 17 a factor of 519074547?
False
Is 93218202 a multiple of 42?
True
Is 127693487 a multiple of 32?
False
Is 1451309957 a multiple of 10?
False
Does 11 divide 2720189870?
False
Is 434583 a multiple of 981?
True
Is 248 a factor of 445652528?
True
Is 9143152 a multiple of 2?
True
Does 41 divide 31007726?
True
Is 2 a factor of 12125446?
True
Does 221 divide 19937517?
False
Is 84077866 a multiple of 3420?
False
Does 1082 divide 139172507?
False
Is 40947356 a multiple of 19?
True
Is 20 a factor of 649348629?
False
Is 79819371 a multiple of 1131?
False
Is 659447879 a multiple of 28?
False
Is 172741462 a multiple of 11?
False
Is 17 a factor of 25365700?
True
Is 1422 a factor of 47170584?
True
Does 160 divide 457419302?
False
Does 2 divide 4068058?
True
Is 102496356 a multiple of 16?
False
Is 25 a factor of 8890201?
False
Does 29 divide 3132406154?
False
Is 24 a factor of 545699281?
False
Is 3282012558 a multiple of 944?
False
Does 4 divide 16818749?
False
Does 104 divide 27079212?
False
Is 1264498956 a multiple of 42?
True
Is 439241940 a multiple of 438?
False
Is 62 a factor of 30348876?
True
Is 159459070 a multiple of 25?
False
Is 1408132959 a multiple of 1416?
False
Does 298 divide 308639559?
False
Is 1607 a factor of 233826728?
False
Is 8396750 a multiple of 31?
False
Does 163 divide 351995240?
True
Is 3720 a factor of 223635240?
True
Is 729 a factor of 298296528?
False
Does 681 divide 8832570?
True
Is 809537508 a multiple of 18?
True
Is 13 a factor of 27768550?
False
Is 3 a factor of 20883525?
True
Does 1836 divide 47470129?
False
Is 812812818 a multiple of 27?
False
Is 2419483324 a multiple of 1028?
True
Is 7 a factor of 957827426?
False
Does 13 divide 14199965?
True
Is 120013482 a multiple of 201?
True
Is 15 a factor of 30366541?
False
Is 25110347 a multiple of 161?
False
Is 84644507 a multiple of 1865?
False
Is 45 a factor of 261197190?
True
Does 26 divide 1165767044?
True
Does 3826 divide 232355671?
False
Is 23162915 a multiple of 2705?
True
Is 1077 a factor of 813670269?
True
Is 34148344 a multiple of 4?
True
Is 27581683 a multiple of 83?
False
Is 531 a factor of 29154024?
True
Does 142 divide 470023496?
False
Does 350 divide 2777250?
True
Does 11 divide 29621665?
False
Does 132 divide 250575996?
True
Is 1653628931 a multiple of 3?
False
Does 26 divide 174012072?
True
Is 1390 a factor of 429434940?
True
Does 1590 divide 9546360?
True
Is 319399842 a multiple of 38?
True
Is 45 a factor of 1337694885?
True
Is 247666012 a multiple of 511?
False
Is 656 a factor of 1706241568?
True
Does 1502 divide 103942906?
True
Is 72 a factor of 2726694186?
False
Does 70 divide 673853674?
False
Is 18 a factor of 19167749?
False
Does 274 divide 13800670?
False
Is 132309869 a multiple of 188?
False
Is 25005433 a multiple of 269?
True
Is 4260387 a multiple of 51?
True
Does 5 divide 625185715?
True
Is 47258794 a multiple of 22?
True
Is 5686 a factor of 1890742836?
True
Is 8138 a factor of 2344675239?
False
Is 35 a factor of 10644305?
True
Is 71 a factor of 104294030?
True
Is 30190993 a multiple of 24?
False
Does 16 divide 53236080?
True
Does 12884 divide 477055868?
True
Does 494 divide 28153188?
False
Is 30753392 a multiple of 92?
True
Is 55 a factor of 1429065?
True
Is 19970973 a multiple of 1718?
False
Does 58 divide 62780650?
True
Is 31855170 a multiple of 10?
True
Is 99334818 a multiple of 1558?
False
Is 551 a factor of 1574894?
False
Is 1010 a factor of 337409872?
False
Does 738 divide 1013143374?
True
Is 73 a factor of 205644050?
False
Does 94 divide 10134328?
True
Is 654605424 a